**2 + 10*k + 2. Let n be f(-5). What is the highest common divisor of 7 and n?
1
Let r = 36 - -2. Let t = r + -23. Suppose 2*f - 3*a = 2*a + t, -4*f = -3*a - 65. What is the highest common divisor of f and 10?
10
Let x = 99 + -60. Calculate the greatest common factor of 26 and x.
13
Suppose 89 = 3*s - 1. What is the highest common divisor of 20 and s?
10
Suppose 0 = -y + 4*y. Suppose y = -4*o + 34 + 2. Let u be ((-11)/(-3) + -2)*o. Calculate the greatest common factor of u and 165.
15
Suppose u - 2*j = 12, 0 = -2*u - 2*j - 2*j + 40. Calculate the greatest common factor of 16 and u.
16
Let r(n) = -n**3 - 4*n**2 - n + 2. Let l be r(-4). Let s = 69 + -39. What is the highest common factor of l and s?
6
Let r be 27/1 - 27/(-9). What is the highest common factor of 20 and r?
10
Let l(n) = n**3 + 5*n**2 - n - 8. Let f be l(-4). Calculate the highest common factor of f and 84.
12
Let x be (-420)/9*(-18)/5. Let q(z) = z**3 - 5*z**2 + 5*z + 1. Let n be q(4). Suppose -x - 162 = -n*p. What is the greatest common divisor of 6 and p?
6
Let c(k) = -k + 7. Let r be c(6). Let p(n) = 24*n**2 + n - 1. Let z be p(r). What is the greatest common factor of z and 192?
24
Suppose -2*s = 2*k - 26, 10*s + 38 = 5*k + 6*s. What is the greatest common divisor of 55 and k?
5
Let l(r) = -11*r - 2. Let p be l(-2). Suppose 3*b + 4 = 4*m - 6, 4*b + 3*m - p = 0. Calculate the highest common factor of b and 12.
2
Let d(y) = 2*y**2 + 2*y - 6. Let v be d(3). Calculate the greatest common factor of 36 and v.
18
Suppose 3*q - 72 = -4*a, -2*a - 7 = 5*q - 29. Suppose 51 = 2*u - 3*h, 0 = -2*h + h - 3. What is the greatest common factor of a and u?
21
Let q be (-18)/4*(-50)/5. What is the greatest common divisor of 5 and q?
5
Suppose -5*g + 2*g = -75. What is the highest common divisor of 75 and g?
25
Let d be 0 - 0 - -8 - 3. Suppose d*n - 8 = -3. What is the highest common divisor of n and 1?
1
Let n(j) = j**3 - j**2 + j + 19. Let z be n(0). Calculate the highest common factor of 76 and z.
19
Suppose -46 = -n + 39. Suppose -l + n = 3*l - q, -97 = -4*l - 3*q. Calculate the highest common divisor of 55 and l.
11
Suppose 8*i - 4095 = -13*i. Calculate the greatest common divisor of i and 78.
39
Let o = -32 - -56. Suppose 5*f = 187 + 113. What is the greatest common factor of o and f?
12
Suppose 0*t = t - 6. What is the highest common divisor of t and 3?
3
Let b be 6/21 - 206/(-14). Suppose 1 = -3*u + 16. Calculate the greatest common factor of u and b.
5
Suppose 2*a - 17 = 5*x, -4*x = -2*a - x + 19. What is the highest common factor of 11 and a?
11
Suppose -4*i + 9 = -95. What is the greatest common factor of 13 and i?
13
Let q be 2/6 - (-2)/(-6). Let y = 2 - q. Suppose 14 = y*x - x. What is the greatest common factor of 2 and x?
2
Let q = -32 + 16. Let v = -2 - q. What is the greatest common divisor of 2 and v?
2
Let y be -44*((-9)/4)/9. Let t(j) = j**3 - 3*j**2 - 8*j - 5. Let x be t(6). What is the highest common factor of x and y?
11
Let h(n) = 33*n + 11. Let o be h(5). What is the highest common divisor of o and 16?
16
Let h(b) = b**2 - 7*b + 3. Let g be h(6). Let q = -1 - g. Suppose -5*o - 2*u = 22 - 334, q*o - 5*u = 148. Calculate the highest common divisor of o and 8.
8
Suppose 3*s - s = 6. Suppose 0 = 6*a - 2*a + s*y - 76, -2*a + 4*y = -60. What is the greatest common factor of 33 and a?
11
Suppose 4*y - 66 = -6. Let h(s) = s**3 - 4*s**2 + 11*s - 3. Let v be h(6). What is the highest common divisor of v and y?
15
Suppose -47*q - 16 = -49*q. Let u be 2/7 + 2/(-7). Suppose -7*z + 2*z + 40 = u. What is the greatest common divisor of z and q?
8
Let g be 1 + -1 - (-41 + -1 + 2). Calculate the highest common factor of g and 16.
8
Suppose -3*w = w + 2*d + 60, -2*w + d = 30. Let g be 12/w*(-30)/2. Calculate the highest common divisor of 96 and g.
12
Let g(v) = 3*v - 16. Let s be g(7). Suppose 3*k - 551 = -s*f, 8*f - 572 = 3*f + 4*k. Calculate the highest common factor of f and 14.
14
Suppose 140 = d + d. Suppose 2*l + 3*l = d. Suppose 3*c = 3*p - 16 + 64, p - l = -c. What is the greatest common factor of 3 and c?
3
Let q(l) = -2*l - 11. Let n be q(-6). Let s be ((-12)/(-18))/(4/6). What is the highest common factor of s and n?
1
Let p = 5 - 3. Suppose -4*h = p*r - 44, 4*r - 3 = -11. Calculate the greatest common factor of 12 and h.
12
Suppose -43 = -z + 11. Calculate the greatest common divisor of 18 and z.
18
Suppose 0*x = -4*x + 92. Suppose 0 = m - 5*v + 13, -3*v = -4*m + 2*v + x. What is the greatest common divisor of 48 and m?
12
Let u = -97 - -319. Calculate the greatest common divisor of u and 37.
37
Let t = 4 - -4. Suppose -2*q + 14 = -t. Calculate the greatest common divisor of 33 and q.
11
Let w = 98 - 88. Calculate the greatest common factor of w and 80.
10
Let m = 11 - -9. Let f(h) be the second derivative of -h**3/3 - h**2/2 - 2*h. Let v be f(-3). Calculate the highest common divisor of v and m.
5
Let a(v) = 34*v - 3. Let x be a(1). Calculate the greatest common factor of 155 and x.
31
Let q(d) = 5*d + 9. Suppose 3*i = i - 12. Let f be q(i). Let r be (-3 + f/(-6))*4. What is the highest common factor of r and 8?
2
Let i(c) = 10*c**2 - c - 2. Let r be (6/4)/((-3)/4). Let v = 0 - r. Let l be i(v). Calculate the greatest common factor of 4 and l.
4
Suppose 0 = -2*t + 7*t + 3*q - 19, -11 = -4*t - q. Suppose x = -t*x + 156. Calculate the highest common factor of x and 13.
13
Suppose -25 = -5*s - 3*f - 6, -3*f + 9 = 0. Suppose 2*r = 4*t - 148, s*r - 97 = t - 4*t. Calculate the greatest common divisor of t and 7.
7
Suppose 0 = -0*a + 3*a - 6, -3*a + 16 = 5*f. Suppose 5*l = f*w - 51, -2*l - 10 + 0 = 0. Calculate the highest common divisor of w and 143.
13
Let v = 5 + 1. Let s be (1/(2/v))/3. Calculate the highest common factor of 11 and s.
1
Let x = 60 - 42. Let i(r) = -2*r**2 + 0*r + 3*r**2 + x - 2*r + 3*r. Let h be i(0). Calculate the greatest common factor of 18 and h.
18
Suppose -5*j = -0*j - 60. Suppose 0 = -5*f + 2*x + 250, -2*f - 3*x - 159 = -5*f. What is the highest common factor of f and j?
12
Let q(s) = s**3 + 6*s**2 - s - 6. Let y be q(-6). Let g be (y/(-4) - -6)/1. What is the highest common factor of g and 12?
6
Let z = -159 - -67. Let u = -7 - z. What is the greatest common factor of 17 and u?
17
Let a(w) = 176*w. Let d be a(1). Calculate the highest common factor of 16 and d.
16
Let u = -6 + 13. Suppose 4*r - 5*g - 224 = -0*g, -5*r - 2*g = -280. Calculate the greatest common divisor of u and r.
7
Let z = 81 + -57. What is the highest common factor of z and 108?
12
Let r = 23 + 102. Suppose r + 260 = 5*c. Calculate the highest common factor of c and 7.
7
Suppose -p = -q - 13, 4*p + 14 = -q + 71. Calculate the highest common divisor of 2 and p.
2
Let i be (-1)/(2 + -1)*-2. Suppose -c - c - 2*m + 86 = 0, -i*m - 94 = -2*c. What is the highest common divisor of c and 15?
15
Let d(q) = 2*q. Let k(l) be the first derivative of -15*l**2/2 - 2. Let r(f) = 27*d(f) + 4*k(f). Let n be r(-1). What is the greatest common factor of 48 and n?
6
Let m = -5 - 1. Let o = -4 - m. Calculate the highest common divisor of 2 and o.
2
Suppose 2*w = 5*j + w - 29, 0 = j + 3*w + 7. Suppose 0 = -z - 2*t + 48, 2*z + 0*z - 94 = -j*t. What is the greatest common divisor of z and 13?
13
Let j = -6 - 4. Let g = -4 - j. What is the highest common factor of 12 and g?
6
Let f be (-245)/(-25) + -3 - (-2)/10. Let g = 6 - 2. Suppose p = w - g, -6*w - p = -2*w - 1. What is the greatest common divisor of w and f?
1
Suppose 5*p + 63 = 6*p. What is the highest common divisor of 9 and p?
9
Let p(b) = b + 1. Let m be p(9). Let r = 68 - 38. What is the greatest common divisor of r and m?
10
Let q be ((-14)/6)/((-3)/(-9)). Let f(w) = w**3 + 7*w**2 - 5*w + 2. Let i be f(q). Suppose 53 + i = 5*x. Calculate the greatest common divisor of x and 2.
2
Suppose -20 - 24 = -11*r. What is the highest common factor of r and 28?
4
Let x be -3*(8/(-6) - -1). Let k be 15 - (x + -2)*-2. Let v(b) = -b**3 + 10*b**2 - 4. Let t be v(7). What is the highest common factor of k and t?
13
Let j(s) = 13*s + 1. Let n be j(1). Let l(u) = -u + 1. Let d be l(-3). Suppose n = d*f - 34. What is the greatest common factor of f and 12?
12
Suppose -n = -2*s - s + 599, s = 5*n + 223. What is the greatest common factor of 18 and s?
18
Let d = -7 